
Let s(r) = -3*r**2 + 1. Let u be s(-1). Let f be (u/(-4))/(3/36). Let o be (8/f)/(5/45). Calculate the highest common factor of 12 and o.
12
Let m be 3/(12/8) + 12. Let g be (-24)/m*105/(-6). Calculate the highest common factor of g and 3.
3
Suppose 9 - 5 = u. Let m be 172/14 - 6/21. Calculate the highest common factor of m and u.
4
Let b = 11 - 4. Suppose 86 = 3*c - 82. What is the highest common factor of c and b?
7
Let i be (-99)/(-6) - (-1)/2. Suppose s - 936 = -5*f, 3*s = -6*f + 3*f + 564. Calculate the greatest common divisor of f and i.
17
Let o be ((-6)/5)/((-3)/60). Calculate the greatest common factor of o and 6.
6
Let g(a) = a**3 - 6*a**2 - 7*a + 10. Let r be g(7). Let y be 0 - (-21 + -1 + 2). Calculate the greatest common divisor of y and r.
10
Suppose -6*u + p = -2*u, -p = 0. Suppose u = 4*w - 49 + 9. What is the highest common factor of 5 and w?
5
Let m = 97 + -91. What is the highest common divisor of 120 and m?
6
Let s = 248 - 149. Calculate the greatest common factor of 11 and s.
11
Let x be 20/6*(5 + 1). Let o be (-29)/(-7) - (-21)/(-147). Calculate the highest common divisor of o and x.
4
Let k be 0 - (-2 + (-3 - 31)). Let y = 40 - 22. Calculate the greatest common divisor of k and y.
18
Suppose 4*y + 2*o = o + 222, -2*y = o - 112. Let c = -751 - -450. Let w be c/(-28) - 1/(-4). What is the highest common factor of w and y?
11
Suppose -124 = -3*d - 2*o, 3*d - 4*o - 129 = -7*o. Let f(x) = 19*x**2 - x - 1. Let w be f(-1). What is the greatest common factor of d and w?
19
Suppose -46 = -3*w - l - 11, 3*l + 35 = 5*w. Let p = -98 - -102. Calculate the greatest common divisor of w and p.
2
Let b(v) = v**3 - 2*v**2 + 2*v - 3. Let f = -5 - -8. Suppose x + 0*x = f. Let n be b(x). What is the highest common factor of 132 and n?
12
Let d(i) be the third derivative of i**4/12 - i**3/3 - 5*i**2. Let n be d(11). Calculate the greatest common divisor of 180 and n.
20
Let r be 105/6*24/5. What is the highest common divisor of r and 21?
21
Let w be (-6)/(-8) - (-803)/44. Calculate the greatest common factor of w and 133.
19
Let c be (-24)/9*15/(-10). What is the highest common factor of c and 28?
4
Suppose -44 = -5*z + 4*m + 1, -z + 2*m + 3 = 0. Let k = 25 - z. Let c be (9/(-2))/((-3)/80). Calculate the greatest common divisor of k and c.
12
Suppose -y = v - 14, -34 + 80 = 3*v + 5*y. Let h be (-98)/(-6) + 8/v. Suppose 0 = -3*r - 5 + h. What is the highest common divisor of r and 4?
4
Let k = 35 + -30. What is the highest common factor of 3 and k?
1
Suppose -6*u + 2*u = 0. Let h(f) = 11*f**2 + 10*f**2 + 2 + u*f + f. Let p be h(2). Calculate the greatest common factor of 11 and p.
11
Let o be (-96)/(-42) + (-4)/14. Suppose -o*w = 3*w - 870. Let q = -46 + w. Calculate the greatest common divisor of q and 16.
16
Suppose -4*d = -80 + 16. Calculate the greatest common factor of 8 and d.
8
Let q(r) = 13*r**2 + 1 + r + 18*r**2 - 3*r. Let p be q(1). What is the highest common factor of 10 and p?
10
Suppose 7 = -3*n - p, -5*n = -n + 3*p + 6. Let f be -1*3/n*9. Calculate the highest common factor of 27 and f.
9
Suppose 0 = 5*d - 94 + 9. Suppose 0 = -2*y - 3*q - 0*q + 25, y = 3*q + d. Let g be (-21)/(-7) + 1 + 52. Calculate the highest common divisor of g and y.
14
Let u = 4 + 35. Suppose 2*o = 2*x + 22, 3*o + 3*x = -o + 58. What is the highest common divisor of u and o?
13
Let q = 17 + -12. Suppose 8*x - 480 = q*x. Calculate the greatest common factor of x and 16.
16
Suppose 3*v = 516 - 138. Suppose 5*w = -0*w + 90. Calculate the greatest common divisor of w and v.
18
Let p(k) = k**3 - k**2 - k + 2. Let o be p(0). Let u be 2*4/(-4) - -10. Calculate the greatest common factor of o and u.
2
Let m(a) = -a + 1. Let z be m(-3). Suppose 8*g = 3*g + 4*k + 1, -3*g - k = -z. Suppose -g = t - 37. What is the greatest common divisor of t and 12?
12
Let d be (-37)/5 + (-4)/(-10). Let a be (-12)/(-42) - 19/d. Suppose -2*k + 4*g + 2 = 0, -a*k + g = 2*g - 10. Calculate the greatest common divisor of k and 1.
1
Let h(b) = -2*b**3 + b**2 - 3*b + 3. Let l be h(2). Let p be (-384)/10 - 6/l. Let a be 2/2 - p - -1. What is the greatest common divisor of 8 and a?
8
Let r be (3 - 3)*-1 + 4. Let s(j) = -3 + 3*j + 3 - 2. Let h be s(2). Calculate the highest common factor of h and r.
4
Let l = 29 + -13. Let h be ((-5)/(-3))/(l/96). Calculate the greatest common factor of 20 and h.
10
Suppose -x + 18 + 8 = 0. Calculate the greatest common factor of 286 and x.
26
Let f be 33/(-6)*(0 - 2). Suppose 3*a = 5*a. Suppose a = -0*h + h - 5*o - 41, h - f = -o. What is the highest common divisor of 4 and h?
4
Let f(z) be the third derivative of 7*z**5/60 - z**4/8 + z**3/3 + 7*z**2. Let j be f(2). What is the highest common divisor of 6 and j?
6
Suppose 0 = -0*c + 5*c - 60. Calculate the greatest common factor of c and 12.
12
Suppose -2*g + 0*g - i = -87, 2*i = 2*g - 78. What is the highest common divisor of 6 and g?
6
Let r(k) = -k**2 + 4 + k - 3 - 3*k + 3*k - 2*k**3. Let z be r(-2). Calculate the highest common divisor of 55 and z.
11
Let v(u) = -3*u**3 - 3*u**2 - u - 2. Let g be v(-3). What is the highest common factor of g and 5?
5
Let y = 140 - 80. Let w = 62 + -33. Let c = -19 + w. What is the highest common divisor of c and y?
10
Let f = -16 + 44. Let l(q) = -q**2 + 3*q + 2. Let j be l(3). Let r be ((-2)/(-4))/(j/28). What is the greatest common divisor of r and f?
7
Let w(u) = 40*u + 4. Let s be w(-4). Suppose 0 = 2*m + m + 204. Let t = m - s. What is the greatest common divisor of t and 8?
8
Suppose 0 = -3*h - 2*h - 30. Let w(i) = i**3 + 5*i**2 - 8*i - 3. Let t be w(h). What is the greatest common divisor of 63 and t?
9
Suppose -5*o - 24 = -8*o. Suppose 682 = -0*c + 4*c + r, 4*r + o = 0. What is the greatest common divisor of 19 and c?
19
Let l(c) = c**3 - 4*c**2 + 3*c + 7. Let b be l(4). What is the greatest common factor of b and 19?
19
Let t(r) = 3*r**2 + r - 8. Let k be t(-2). Calculate the greatest common divisor of k and 1.
1
Suppose z - 27 = -2*h, 0 = 3*h - z - z - 44. What is the highest common divisor of h and 70?
14
Let b = -5 - -12. Suppose -5 = -3*d + b. Let c be d/(-2 + 0 - -4). What is the highest common factor of 5 and c?
1
Let d(p) = p**3 - 9*p**2 - 9*p - 5. Let f be d(10). What is the highest common factor of f and 2?
1
Let n be -18*(3 + 7/(-2)). Let s be -1 + n/3 + 0. Suppose -s*l + 25 + 17 = 0. Calculate the highest common factor of l and 14.
7
Suppose -2*b = -30 - 18. Suppose 31 = 4*v - 3*l, -5*l = 6*v - 3*v + 13. Let j be (v/10)/(3/90). Calculate the highest common factor of j and b.
12
Let g(d) = 0 - 2 + d**3 + 2 - 2*d**2 - 7*d. Let x be g(5). Calculate the highest common divisor of x and 10.
10
Let h = 173 + -98. What is the greatest common factor of h and 15?
15
Suppose 3*j - 2*x + 0*x = 16, -2*j + 2*x = -8. Calculate the greatest common divisor of j and 32.
8
Let i = 7 + -1. Suppose i*o - 89 = o + 2*r, 4*o = -3*r + 85. What is the greatest common factor of 171 and o?
19
Let b = 8 + -26. Let j = -10 - b. Let w be (-83)/(-4) + 2/j. What is the highest common divisor of 7 and w?
7
Let d be 92 + (3 - 5)*2. Calculate the highest common factor of 22 and d.
22
Suppose -20 = -2*p - 0*p - 5*s, -5*p - 16 = -4*s. Let k be (7 - 7) + (p - -1). What is the highest common divisor of 7 and k?
1
Suppose 2*k + 42 - 166 = 0. Calculate the highest common factor of 31 and k.
31
Suppose -m + 20 + 25 = 0. Suppose 23*x + 225 = 38*x. What is the greatest common divisor of m and x?
15
Suppose -6*u = -2*u. Suppose u = -2*o - 51 + 293. Let x be 1/(((-4)/11)/(-4)). Calculate the highest common factor of x and o.
11
Suppose -3*q + 2*t = -2*t - 73, 0 = -4*t - 4. What is the greatest common divisor of 46 and q?
23
Let q(t) be the third derivative of -t**6/120 + 7*t**5/60 + t**4/24 + 7*t**3/6 + 4*t**2. Let m be q(7). Calculate the greatest common factor of 126 and m.
14
Suppose 5*t - 5*d - 25 = 0, 0*t = -5*t + 2*d + 31. Let n = 17 - t. What is the highest common divisor of n and 50?
10
Let n be 127/6 - (-1)/(-6). Calculate the greatest common divisor of n and 105.
21
Let j(s) = -s**3 + 7*s**2 + 7*s + 10. Let w be j(8). Suppose -3*m + 212 = 4*l - w*m, 5*m - 176 = -3*l. Calculate the greatest common factor of l and 13.
13
Let u(x) = 13*x**2 - 2*x + 1. Let p be u(1). Suppose -96 = -2*b 